0
Suppose -l = 0, -2*k + 13 = -k + 5*l. What is the remainder when 50 is divided by k?
11
Suppose 4*q = g - 30 + 5, -3*g - q = -101. Let r = -19 + g. What is the remainder when r is divided by (1 + -7)/((-6)/8)?
6
Let i = 0 - 4. Let u(q) = -2*q + 2. Calculate the remainder when 37 is divided by u(i).
7
Suppose x + 4*n - 22 = 0, 3*x + 2*n - 37 = -1. Calculate the remainder when x is divided by 6.
4
Let o = -31 + 51. What is the remainder when 58 is divided by o?
18
Let z = -1 - -3. Suppose 0 = z*j - 22 - 20. Calculate the remainder when 40 is divided by j.
19
Suppose 1 = 5*n + 6, 4*n - 30 = -x. Let z = -4 - -17. Calculate the remainder when x is divided by z.
8
Let m = -11 + 25. Let t = -12 + m. What is the remainder when 5 is divided by t?
1
Suppose -2*d = -3*h - 0 - 2, -5 = -5*d - 5*h. What is the remainder when ((-40)/16)/(d/(-6)) is divided by 8?
7
Suppose j + 3 = 6. Suppose -l = -4*m + 13, m + 2*l = j*m - 2. Suppose -5 = z + m*g + 12, 3*g + 6 = -3*z. Calculate the remainder when 4 is divided by z.
1
Let j(c) = -2*c + 2. Let t(r) = 2*r - 3. Let x(h) = 6*j(h) + 7*t(h). Suppose 4*f + 48 = 8*f. Calculate the remainder when 58 is divided by x(f).
13
Let p(y) = 6*y + 3. Calculate the remainder when p(9) is divided by 29.
28
Let t = -1 + -31. Let g = t + 45. What is the remainder when 36 is divided by g?
10
Suppose -1 = -2*h + 15. What is the remainder when 23 is divided by h?
7
Suppose 2*q - 20 - 6 = 0. Let r = q + 2. Calculate the remainder when r is divided by 4.
3
Suppose p + 10 = 2*y - 3*p, -5*y + 25 = 4*p. Suppose y*r - 32 = r. What is the remainder when 13 is divided by r?
5
Suppose 0 = n + 5, 0 = -2*w - 2*n + 7*n + 33. What is the remainder when 1*(2 + -1)*5 is divided by w?
1
Suppose 12*j = 69 + 147. What is the remainder when j is divided by 4?
2
Let m(d) = d**3 + 4*d**2 + 2*d - 3. Let w be m(-3). Suppose w = -3*t + 13 + 35. Let j = 19 + -13. Calculate the remainder when t is divided by j.
4
Suppose 7*g = 2*g + 150. What is the remainder when g is divided by 8?
6
Let a(b) = b**3 - 3*b**2 - 3*b + 1. Let k(v) = -v**2 + 8*v - 8. Let m be k(6). What is the remainder when 14 is divided by a(m)?
4
Suppose 13 = v - 3*n - 1, 0 = 5*n - 25. Calculate the remainder when v is divided by 10.
9
Let q = 3 - 3. Suppose -2*r + 19 + 3 = q. Suppose 4*z - 89 = -5. What is the remainder when z is divided by r?
10
Suppose -4*p + 2*g = -6 - 20, -3*g = 3*p - 15. Suppose 5*r + 3 = 2*m - 4, 5*m + 2*r - 61 = 0. What is the remainder when m is divided by p?
5
Suppose -3*j + 2*j = -3*f - 45, 5*f = -2*j + 145. Suppose 0 = -3*y + j. Calculate the remainder when (348/(-10))/(-3)*5 is divided by y.
18
Let s(c) = -c**2 + 14*c - 31. Calculate the remainder when 25 is divided by s(9).
11
Suppose 28 = -5*a + 8. Let z = a - -51. Calculate the remainder when z is divided by 12.
11
Suppose 3*a - 2*a = -8. Let m = -3 - a. Calculate the remainder when m is divided by 3.
2
Suppose -15 = -c - 2*c. Let w = -113 + 127. Calculate the remainder when w is divided by c.
4
Let i(t) = -t + 8. What is the remainder when 10 is divided by i(5)?
1
Let r = -19 - -29. What is the remainder when 27 is divided by r?
7
Suppose 47 = -2*l + 3*l. What is the remainder when l is divided by 12?
11
Suppose 3*h + 0*h = 0. Let t be (h + -4)*9/(-12). Suppose 12 = -t*m + 36. Calculate the remainder when 22 is divided by m.
6
Suppose 2*i - 6*i + 276 = 0. Suppose 0 = w - i - 20. What is the remainder when w is divided by 30?
29
Suppose -l = -4*a + 27, 4*a - 4*l = 2*a + 10. Suppose d + 2*p - 6 = 14, -66 = -3*d - 4*p. What is the remainder when d is divided by a?
5
Suppose -4*w + 4 = -4. Suppose -5*f + 24 + 406 = 0. Suppose -5*y + 67 - 25 = w*z, 0 = -3*z + 4*y + f. What is the remainder when z is divided by 9?
8
Suppose -4*z + 31 = 2*r + 3, 3*z + 21 = 2*r. What is the remainder when 44 is divided by r?
8
Suppose -15*l + 69 = -276. Suppose 7 = m + n, 26 - 62 = -5*m - 4*n. What is the remainder when l is divided by m?
7
Suppose 0 = -5*q + k + 218, 4*q - 2*k - 219 = -41. Let l(s) = s**2 - s - 9. What is the remainder when q is divided by l(5)?
10
Suppose -3*z = -3*g + 54, -g - 51 = 5*z + 51. Let p = -6 - z. What is the remainder when 53 is divided by p?
11
Suppose 0 = i + 4 - 18. Let j = 11 + -8. Calculate the remainder when (-164)/(-6) - j/9 is divided by i.
13
Suppose 0 = s - 3*s + 32. Let o(d) = d**3 - 6*d**2 - d + 4. Calculate the remainder when o(7) is divided by s.
14
Suppose 0 = 2*c - 9 - 1. Let h = c - -2. Let b = 4 + -2. What is the remainder when h is divided by b?
1
Suppose -4*h = 2*g - 160, 2*h + 80 = 4*h - 5*g. Let o be (-1)/3 + 34/3. Let z = 3 + o. What is the remainder when h is divided by z?
12
Suppose -3*r + 0*r + 5*g + 16 = 0, -2*r - g = -2. Suppose -r*v = -6*v + 16. What is the remainder when 11 is divided by v?
3
Let d be (-3)/(-12) + 38/8. Suppose 13 = -d*r + 188. Suppose -3*h - 2*h + 20 = 0, 3*l - 11 = 4*h. Calculate the remainder when r is divided by l.
8
Let a(s) = 3*s**2 + s - 1. Calculate the remainder when 35 is divided by a(-2).
8
Calculate the remainder when 173 is divided by 66*(-1 - 12/(-9)).
19
Let j = 0 + -1. Let p = j + 4. Suppose p*i - 39 = 36. What is the remainder when i is divided by 9?
7
Let i = 14 + -21. Let v = 11 + i. Suppose 5*a - v*q - 36 = 0, -3*a - 5*q + 2*q = -27. What is the remainder when a is divided by 5?
3
What is the remainder when (-7)/(7/51)*-1 is divided by 18?
15
Suppose -l - l + 18 = 0. Suppose 2*a + 0 - 4 = -p, -4*a + 12 = p. What is the remainder when l is divided by a?
1
Let t be 2/5 + (-72)/(-20). Suppose 75 = 5*h - 0*m + m, -2*m = -h + t. What is the remainder when (1 - (h + -1))*-2 is divided by 13?
11
Let p be ((-24)/(-9))/((-2)/18). Let n = -68 - -18. Let v = p - n. Calculate the remainder when v is divided by 9.
8
Let r(y) = y**2 + 2*y. Let m be 4/2 - (-8 - -106). Let i = m - -139. What is the remainder when i is divided by r(3)?
13
Let h(p) = p**3 + 11*p**2 + 9*p - 5. Let d be h(-10). Suppose -22 = -2*q - 5*s, -d*q = -3*q + 2*s - 16. Calculate the remainder when 15 is divided by q.
3
Calculate the remainder when (-1 - 2) + 43 + 2 is divided by 11.
9
Suppose -4 = -a + 8. Let y = 33 - 28. Calculate the remainder when a is divided by y.
2
Suppose 3*x - 10 = x. Let i(a) = -a + 9. Let c be i(x). What is the remainder when 2 is divided by c/10 + 6/10?
0
Suppose 0 = 2*a - 0*a. Suppose 0*h + 2*h - 40 = a. Calculate the remainder when 38 is divided by h.
18
Let k = 0 - -19. Suppose -2*b - 108 = -5*b. What is the remainder when b is divided by k?
17
Let p be (2*-1 + 2)/(-1). Let x = p - -2. Calculate the remainder when 2 is divided by x.
0
Suppose 2*i + 5 = n, -15 = -3*i - 2*i. Suppose -z = -c - 2, 0*z - c + 28 = 4*z. Calculate the remainder when n is divided by z.
5
Let s = -10 - 2. Let l(g) = g**3 + 13*g**2 + 11*g + 5. What is the remainder when 32 is divided by l(s)?
15
Let w be (-10)/4 + (-1)/(-2). Let s = w - -11. Let v = -958 + 975. Calculate the remainder when v is divided by s.
8
Suppose 0 = -5*m - 2*q + 4 + 23, -4*m = 3*q - 16. What is the remainder when m is divided by 1?
0
Suppose -2*x - 3*x = -60. Calculate the remainder when x is divided by (2*-1)/(10/(-35)).
5
Suppose -4*x - 181 = -2*a - 7*x, -2*a + 141 = -5*x. Calculate the remainder when a is divided by 17.
15
Suppose 2*o - 65 = -3*w, 5*w - 4 = 21. Suppose 7 = -2*n + 1, 5*m - 228 = -4*n. What is the remainder when m is divided by o?
23
Let k be 6/(-36) + 2/12. Suppose -s - 3*s + 28 = -3*z, k = 2*s - 5*z - 14. What is the remainder when 12 is divided by s?
5
Let k = 21 + -10. What is the remainder when 18 is divided by k?
7
Let i be ((1 - -1) + -1)*-3. Let m be (-2)/4*(i - 147). Suppose -4*o = -m + 27. Calculate the remainder when o is divided by 7.
5
Let y(o) = o**2 + 4*o - 2. Let d be y(-4). Calculate the remainder when 5 is divided by (-1*1)/(d/8).
1
Suppose -p = -4*p + 12. Suppose -p*a + 20 = -0*a. Suppose 0 = -a*h + 197 + 93. Calculate the remainder when h is divided by 20.
18
Let j = 30 + -50. Let g(z) = -3*z - 7. Calculate the remainder when g(j) is divided by 11.
9
Let d be 25/9 + 8/36. What is the remainder when d/6*46 - 3 is divided by 11?
9
Suppose 3*r + 5*g = -0*g + 211, 0 = -r - g + 73. What is the remainder when r is divided by 16?
13
Let f = 5 - -20. Calculate the remaind